{"id":8268,"date":"2025-11-22T07:28:33","date_gmt":"2025-11-22T06:28:33","guid":{"rendered":"https:\/\/www.mission240.com\/collection\/?post_type=product&#038;p=8268"},"modified":"2026-03-20T13:31:27","modified_gmt":"2026-03-20T12:31:27","slug":"hoodie-team-panda-courir-mais-tranquille","status":"publish","type":"product","link":"https:\/\/www.mission240.com\/collection\/produit\/hoodie-team-panda-courir-mais-tranquille\/","title":{"rendered":"Hoodie Team Panda \u2013 Courir\u2026 mais tranquille"},"content":{"rendered":"<p data-start=\"450\" data-end=\"732\">Le <strong data-start=\"453\" data-end=\"474\">Hoodie Team Panda<\/strong> est fait pour celles et ceux qui ont compris que courir, c\u2019est bien\u2026 mais courir tranquille, c\u2019est encore mieux.<br data-start=\"587\" data-end=\"590\" \/>Dans le dos, le panda coureur Mission 240, dans son univers de bambous, symbolise la bonne humeur, la l\u00e9g\u00e8ret\u00e9 et le plaisir simple de bouger.<\/p>\n<p data-start=\"734\" data-end=\"968\">Ce hoodie est pens\u00e9 pour t\u2019accompagner dans toutes tes journ\u00e9es : sorties cool, \u00e9chauffements, balades, vie quotidienne\u2026 Il incarne l\u2019esprit de la Team Panda : progresser sans pression, avancer sans stresser, et profiter du mouvement.<\/p>\n<hr data-start=\"970\" data-end=\"973\" \/>\n<h2 data-start=\"975\" data-end=\"1008\">\u2714 <strong data-start=\"980\" data-end=\"1008\">Pourquoi tu vas l\u2019adorer<\/strong><\/h2>\n<ul data-start=\"1009\" data-end=\"1266\">\n<li data-start=\"1009\" data-end=\"1041\">\n<p data-start=\"1011\" data-end=\"1041\">Design exclusif <strong data-start=\"1027\" data-end=\"1041\">Team Panda<\/strong><\/p>\n<\/li>\n<li data-start=\"1042\" data-end=\"1078\">\n<p data-start=\"1044\" data-end=\"1078\">Logo \u00ab <em data-start=\"1051\" data-end=\"1076\">Courir\u2026 Mais Tranquille<\/em> \u00bb<\/p>\n<\/li>\n<li data-start=\"1079\" data-end=\"1120\">\n<p data-start=\"1081\" data-end=\"1120\">Vibes fun, positives et d\u00e9contract\u00e9es<\/p>\n<\/li>\n<li data-start=\"1121\" data-end=\"1138\">\n<p data-start=\"1123\" data-end=\"1138\">Coupe unisexe<\/p>\n<\/li>\n<li data-start=\"1139\" data-end=\"1199\">\n<p data-start=\"1141\" data-end=\"1199\">Parfait avant ou apr\u00e8s une sortie, ou juste pour chiller<\/p>\n<\/li>\n<li data-start=\"1200\" data-end=\"1266\">\n<p data-start=\"1202\" data-end=\"1266\">Un des visuels les plus appr\u00e9ci\u00e9s de la communaut\u00e9 Mission 240<\/p>\n<\/li>\n<\/ul>\n<hr data-start=\"1268\" data-end=\"1271\" \/>\n<h2 data-start=\"1273\" data-end=\"1300\">\u2714 <strong data-start=\"1278\" data-end=\"1300\">Esprit Mission 240<\/strong><\/h2>\n<p data-start=\"1301\" data-end=\"1416\">En portant ce hoodie, tu rejoins la Team Panda et tu soutiens les actions solidaires men\u00e9es gr\u00e2ce \u00e0 la Mission 240.<\/p>\n","protected":false},"excerpt":{"rendered":"<p data-start=\"243\" data-end=\"413\">Le hoodie parfait pour ceux qui aiment courir, mais \u00e0 leur rythme. Avec le logo officiel <strong data-start=\"332\" data-end=\"346\">Team Panda<\/strong>, affiche ton style pos\u00e9 tout en repr\u00e9sentant l\u2019esprit Mission 240.<\/p>\n","protected":false},"featured_media":8295,"comment_status":"open","ping_status":"closed","template":"","meta":[],"product_brand":[],"product_cat":[21],"product_tag":[],"class_list":{"0":"post-8268","1":"product","2":"type-product","3":"status-publish","4":"has-post-thumbnail","6":"product_cat-sweat","7":"pa_taille-2xl","8":"pa_taille-l","9":"pa_taille-m","10":"pa_taille-s","11":"pa_taille-xl","13":"first","14":"instock","15":"shipping-taxable","16":"purchasable","17":"product-type-variable"},"bundled_by":[],"bundle_stock_status":"instock","bundle_stock_quantity":null,"bundle_virtual":false,"bundle_layout":"","bundle_add_to_cart_form_location":"","bundle_editable_in_cart":false,"bundle_sold_individually_context":"","bundle_item_grouping":"","bundle_min_size":"","bundle_max_size":"","bundle_price":[],"bundled_items":[],"bundle_sell_ids":[],"_links":{"self":[{"href":"https:\/\/www.mission240.com\/collection\/wp-json\/wp\/v2\/product\/8268","targetHints":{"allow":["GET"]}}],"collection":[{"href":"https:\/\/www.mission240.com\/collection\/wp-json\/wp\/v2\/product"}],"about":[{"href":"https:\/\/www.mission240.com\/collection\/wp-json\/wp\/v2\/types\/product"}],"replies":[{"embeddable":true,"href":"https:\/\/www.mission240.com\/collection\/wp-json\/wp\/v2\/comments?post=8268"}],"wp:featuredmedia":[{"embeddable":true,"href":"https:\/\/www.mission240.com\/collection\/wp-json\/wp\/v2\/media\/8295"}],"wp:attachment":[{"href":"https:\/\/www.mission240.com\/collection\/wp-json\/wp\/v2\/media?parent=8268"}],"wp:term":[{"taxonomy":"product_brand","embeddable":true,"href":"https:\/\/www.mission240.com\/collection\/wp-json\/wp\/v2\/product_brand?post=8268"},{"taxonomy":"product_cat","embeddable":true,"href":"https:\/\/www.mission240.com\/collection\/wp-json\/wp\/v2\/product_cat?post=8268"},{"taxonomy":"product_tag","embeddable":true,"href":"https:\/\/www.mission240.com\/collection\/wp-json\/wp\/v2\/product_tag?post=8268"}],"curies":[{"name":"wp","href":"https:\/\/api.w.org\/{rel}","templated":true}]}}