{"id":2666,"date":"2025-10-18T08:39:35","date_gmt":"2025-10-18T06:39:35","guid":{"rendered":"https:\/\/www.mission240.com\/collection\/?post_type=product&#038;p=2666"},"modified":"2026-03-19T07:36:41","modified_gmt":"2026-03-19T06:36:41","slug":"le-fondamental-t-shirt-manches-longues","status":"publish","type":"product","link":"https:\/\/www.mission240.com\/collection\/produit\/le-fondamental-t-shirt-manches-longues\/","title":{"rendered":"Le Fondamental \u2013 T-shirt manches longues"},"content":{"rendered":"<p data-start=\"370\" data-end=\"604\">Le <strong data-start=\"400\" data-end=\"415\">Fondamental<\/strong> est la pi\u00e8ce incontournable de la gamme Mission 240 pour affronter les temp\u00e9ratures plus fra\u00eeches. Avec son tissu technique l\u00e9ger et respirant, il allie confort, performance et sobri\u00e9t\u00e9.<\/p>\n<p data-start=\"606\" data-end=\"741\">Sobre, efficace et intemporel, il reprend le logo officiel de la Mission 240, plac\u00e9 c\u00f4t\u00e9 c\u0153ur, symbole d\u2019engagement et de solidarit\u00e9.<\/p>\n<ul data-start=\"743\" data-end=\"933\">\n<li data-start=\"743\" data-end=\"788\">\n<p data-start=\"745\" data-end=\"788\">Tissu technique 100 % polyester respirant<\/p>\n<\/li>\n<li data-start=\"789\" data-end=\"836\">\n<p data-start=\"791\" data-end=\"836\">Maille mesh 140 g\/m\u00b2, l\u00e9g\u00e8re et confortable<\/p>\n<\/li>\n<li data-start=\"837\" data-end=\"870\">\n<p data-start=\"839\" data-end=\"870\">Coupe sportive et ergonomique<\/p>\n<\/li>\n<li data-start=\"871\" data-end=\"933\">\n<p data-start=\"873\" data-end=\"933\">Manches longues pour plus de confort en hiver et mi-saison<\/p>\n<\/li>\n<\/ul>\n<p data-start=\"935\" data-end=\"959\"><strong data-start=\"935\" data-end=\"955\">Caract\u00e9ristiques<\/strong> :<\/p>\n<ul data-start=\"960\" data-end=\"1066\">\n<li data-start=\"960\" data-end=\"1005\">\n<p data-start=\"962\" data-end=\"1005\">Mati\u00e8re : 100 % polyester effet respirant<\/p>\n<\/li>\n<li data-start=\"1006\" data-end=\"1029\">\n<p data-start=\"1008\" data-end=\"1029\">Grammage : 140 g\/m\u00b2<\/p>\n<\/li>\n<li data-start=\"1030\" data-end=\"1066\">\n<p data-start=\"1032\" data-end=\"1066\">Entretien facile, s\u00e9chage rapide<\/p>\n<\/li>\n<\/ul>\n","protected":false},"excerpt":{"rendered":"<p>T-shirt de sport manches longues l\u00e9ger et respirant. Logo Mission 240 c\u00f4t\u00e9 c\u0153ur. Id\u00e9al pour l\u2019hiver et la mi-saison.<\/p>\n","protected":false},"featured_media":2702,"comment_status":"open","ping_status":"closed","template":"","meta":[],"product_brand":[],"product_cat":[60],"product_tag":[],"class_list":{"0":"post-2666","1":"product","2":"type-product","3":"status-publish","4":"has-post-thumbnail","6":"product_cat-t-shirts-manches-longues","7":"pa_taille-2xl","8":"pa_taille-l","9":"pa_taille-m","10":"pa_taille-s","11":"pa_taille-xl","13":"first","14":"instock","15":"featured","16":"shipping-taxable","17":"purchasable","18":"product-type-variable"},"bundled_by":[],"bundle_stock_status":"instock","bundle_stock_quantity":null,"bundle_virtual":false,"bundle_layout":"","bundle_add_to_cart_form_location":"","bundle_editable_in_cart":false,"bundle_sold_individually_context":"","bundle_item_grouping":"","bundle_min_size":"","bundle_max_size":"","bundle_price":[],"bundled_items":[],"bundle_sell_ids":[],"_links":{"self":[{"href":"https:\/\/www.mission240.com\/collection\/wp-json\/wp\/v2\/product\/2666","targetHints":{"allow":["GET"]}}],"collection":[{"href":"https:\/\/www.mission240.com\/collection\/wp-json\/wp\/v2\/product"}],"about":[{"href":"https:\/\/www.mission240.com\/collection\/wp-json\/wp\/v2\/types\/product"}],"replies":[{"embeddable":true,"href":"https:\/\/www.mission240.com\/collection\/wp-json\/wp\/v2\/comments?post=2666"}],"wp:featuredmedia":[{"embeddable":true,"href":"https:\/\/www.mission240.com\/collection\/wp-json\/wp\/v2\/media\/2702"}],"wp:attachment":[{"href":"https:\/\/www.mission240.com\/collection\/wp-json\/wp\/v2\/media?parent=2666"}],"wp:term":[{"taxonomy":"product_brand","embeddable":true,"href":"https:\/\/www.mission240.com\/collection\/wp-json\/wp\/v2\/product_brand?post=2666"},{"taxonomy":"product_cat","embeddable":true,"href":"https:\/\/www.mission240.com\/collection\/wp-json\/wp\/v2\/product_cat?post=2666"},{"taxonomy":"product_tag","embeddable":true,"href":"https:\/\/www.mission240.com\/collection\/wp-json\/wp\/v2\/product_tag?post=2666"}],"curies":[{"name":"wp","href":"https:\/\/api.w.org\/{rel}","templated":true}]}}