{"id":1479,"date":"2025-10-04T20:11:48","date_gmt":"2025-10-04T18:11:48","guid":{"rendered":"https:\/\/www.mission240.com\/collection\/?post_type=product&#038;p=1479"},"modified":"2026-03-01T18:39:23","modified_gmt":"2026-03-01T17:39:23","slug":"sweat-a-capuche-240-lessentiel","status":"publish","type":"product","link":"https:\/\/www.mission240.com\/collection\/produit\/sweat-a-capuche-240-lessentiel\/","title":{"rendered":"Sweat \u00e0 capuche 240 &#8211; L&rsquo;essentiel"},"content":{"rendered":"<p data-start=\"398\" data-end=\"595\">Le sweat \u00e0 capuche <strong data-start=\"417\" data-end=\"430\">Essentiel<\/strong> est la pi\u00e8ce incontournable de la collection Mission 240.<br data-start=\"488\" data-end=\"491\" \/>Con\u00e7u pour ceux qui veulent afficher fi\u00e8rement leur engagement, il allie douceur, chaleur et sobri\u00e9t\u00e9.<\/p>\n<p data-start=\"597\" data-end=\"804\">Avec son logo c\u0153ur puissant, ce sweat ne se contente pas d\u2019habiller : il raconte une histoire. Celle d\u2019une communaut\u00e9 unie par l\u2019effort, la solidarit\u00e9 et la volont\u00e9 d\u2019aller toujours plus loin.<\/p>\n<ul data-start=\"806\" data-end=\"964\">\n<li data-start=\"806\" data-end=\"823\">\n<p data-start=\"808\" data-end=\"823\">Coupe unisexe<\/p>\n<\/li>\n<li data-start=\"824\" data-end=\"858\">\n<p data-start=\"826\" data-end=\"858\">Capuche avec cordon de serrage<\/p>\n<\/li>\n<li data-start=\"859\" data-end=\"887\">\n<p data-start=\"861\" data-end=\"887\">Poche kangourou pratique<\/p>\n<\/li>\n<li data-start=\"888\" data-end=\"918\">\n<p data-start=\"890\" data-end=\"918\">Logo Mission 240 c\u00f4t\u00e9 c\u0153ur<\/p>\n<\/li>\n<li data-start=\"919\" data-end=\"945\">\n<p data-start=\"921\" data-end=\"945\">Disponible du S au XL<\/p>\n<\/li>\n<li data-start=\"946\" data-end=\"964\">\n<p data-start=\"948\" data-end=\"964\">Coloris : noir<\/p>\n<\/li>\n<\/ul>\n<h3 data-start=\"1122\" data-end=\"1144\">Impact solidaire<\/h3>\n<p data-start=\"1145\" data-end=\"1257\">Chaque sweat finance des actions pour <strong data-start=\"1183\" data-end=\"1254\">les enfants malades, les militaires bless\u00e9s et les pompiers bless\u00e9s<\/strong>.<\/p>\n","protected":false},"excerpt":{"rendered":"<p>Le sweat \u00e0 capuche Essentiel de Mission 240, pens\u00e9 pour conjuguer confort et style, avec le logo c\u0153ur qui incarne nos valeurs de solidarit\u00e9 et de d\u00e9passement.<\/p>\n","protected":false},"featured_media":1480,"comment_status":"open","ping_status":"closed","template":"","meta":[],"product_brand":[],"product_cat":[21],"product_tag":[],"class_list":{"0":"post-1479","1":"product","2":"type-product","3":"status-publish","4":"has-post-thumbnail","6":"product_cat-sweat","7":"pa_taille-2xl","8":"pa_taille-l","9":"pa_taille-m","10":"pa_taille-s","11":"pa_taille-xl","13":"first","14":"instock","15":"shipping-taxable","16":"purchasable","17":"product-type-variable"},"bundled_by":[],"bundle_stock_status":"instock","bundle_stock_quantity":null,"bundle_virtual":false,"bundle_layout":"","bundle_add_to_cart_form_location":"","bundle_editable_in_cart":false,"bundle_sold_individually_context":"","bundle_item_grouping":"","bundle_min_size":"","bundle_max_size":"","bundle_price":[],"bundled_items":[],"bundle_sell_ids":[],"_links":{"self":[{"href":"https:\/\/www.mission240.com\/collection\/wp-json\/wp\/v2\/product\/1479","targetHints":{"allow":["GET"]}}],"collection":[{"href":"https:\/\/www.mission240.com\/collection\/wp-json\/wp\/v2\/product"}],"about":[{"href":"https:\/\/www.mission240.com\/collection\/wp-json\/wp\/v2\/types\/product"}],"replies":[{"embeddable":true,"href":"https:\/\/www.mission240.com\/collection\/wp-json\/wp\/v2\/comments?post=1479"}],"wp:featuredmedia":[{"embeddable":true,"href":"https:\/\/www.mission240.com\/collection\/wp-json\/wp\/v2\/media\/1480"}],"wp:attachment":[{"href":"https:\/\/www.mission240.com\/collection\/wp-json\/wp\/v2\/media?parent=1479"}],"wp:term":[{"taxonomy":"product_brand","embeddable":true,"href":"https:\/\/www.mission240.com\/collection\/wp-json\/wp\/v2\/product_brand?post=1479"},{"taxonomy":"product_cat","embeddable":true,"href":"https:\/\/www.mission240.com\/collection\/wp-json\/wp\/v2\/product_cat?post=1479"},{"taxonomy":"product_tag","embeddable":true,"href":"https:\/\/www.mission240.com\/collection\/wp-json\/wp\/v2\/product_tag?post=1479"}],"curies":[{"name":"wp","href":"https:\/\/api.w.org\/{rel}","templated":true}]}}